{"id":217,"date":"2022-11-09T14:25:58","date_gmt":"2022-11-09T13:25:58","guid":{"rendered":"http:\/\/webs4ladies.de\/hildesheimerhaus\/feste-feiern-copy\/"},"modified":"2026-02-04T14:54:20","modified_gmt":"2026-02-04T13:54:20","slug":"informationen","status":"publish","type":"page","link":"https:\/\/www.hildesheimer-haus.de\/home\/informationen\/","title":{"rendered":"Informationen"},"content":{"rendered":"<!--themify_builder_content-->\n<div id=\"themify_builder_content-217\" data-postid=\"217\" class=\"themify_builder_content themify_builder_content-217 themify_builder tf_clear\">\n                    <div  data-lazy=\"1\" class=\"module_row themify_builder_row tb_mbl9300 tb_first tf_w\">\n                        <div class=\"row_inner col_align_top tb_col_count_1 tf_box tf_rel\">\n                        <div  data-lazy=\"1\" class=\"module_column tb-column col-full tb_wz5z540 first\">\n                            <div  data-lazy=\"1\" class=\"module_subrow themify_builder_sub_row tf_w col_align_top tb_col_count_3 tb_1hwn434\">\n                <div  data-lazy=\"1\" class=\"module_column sub_column col3-1 tb_3t39903 first\">\n                            <\/div>\n                    <div  data-lazy=\"1\" class=\"module_column sub_column col3-1 tb_zcx6343\">\n                    <!-- module fancy heading -->\n<div  class=\"module module-fancy-heading tb_nyjp503  tb_hide_divider\" data-lazy=\"1\">\n        <h3 class=\"fancy-heading tf_textc\">\n    <span class=\"main-head tf_block\">\n                                <\/span>\n\n    \n    <span class=\"sub-head tf_block tf_rel\">\n                                <\/span>\n    <\/h3>\n<\/div>\n<!-- \/module fancy heading -->\n        <\/div>\n                    <div  data-lazy=\"1\" class=\"module_column sub_column col3-1 tb_dv9z733 last\">\n                            <\/div>\n                    <\/div>\n                <\/div>\n                        <\/div>\n        <\/div>\n                        <div  data-lazy=\"1\" class=\"module_row themify_builder_row tb_92iw963 tf_w\">\n                        <div class=\"row_inner col_align_top tb_col_count_2 tf_box tf_rel\">\n                        <div  data-lazy=\"1\" class=\"module_column tb-column col4-2 tb_5xdv964 first\">\n                    <!-- module text -->\n<div  class=\"module module-text tb_91l3208   \" data-lazy=\"1\">\n        <div  class=\"tb_text_wrap\">\n        <h2 style=\"text-align: center;\">Unsere Event-Location mieten<\/h2>\n<p style=\"text-align: center;\"><span style=\"font-size: 14pt;\">Das Hildesheimer Haus ist eine Event-Location, in der das ganze Jahr hindurch gefeiert und \u00fcbernachtet wird.\u00a0Wer das Haus f\u00fcr seine Veranstaltung \u00fcber ein Wochenende mietet, verf\u00fcgt \u00fcber Schlafm\u00f6glichkeiten f\u00fcr 40 Personen, die \u00fcber f\u00fcnf Appartements, f\u00fcnf Doppelzimmer und die Hochzeitssuite verteilt sind. Wir sind uns sicher, dass es f\u00fcr jeden Ihrer G\u00e4ste die passende Unterbringung gibt. In unserer <a href=\"https:\/\/www.hildesheimer-haus.de\/home\/galerie\/\">Fotogalerie <\/a>finden Sie einige Impressionen aus den R\u00e4umen.<\/span><\/p>\n<p style=\"text-align: center;\"><span style=\"font-size: 14pt;\">\u00a0<\/span><\/p>\n<p style=\"text-align: center;\"><span style=\"font-size: 18pt;\">Die Appartements sind in der Nebensaison auf Anfrage buchbar, auch ohne dass Sie ein Fest bei uns feiern!<\/span><\/p>    <\/div>\n<\/div>\n<!-- \/module text -->        <\/div>\n                    <div  data-lazy=\"1\" class=\"module_column tb-column col4-2 tb_mzyv597 last\">\n                    <!-- module image -->\n<div  class=\"module module-image tb_q2si401 image-top rounded drop-shadow  tf_mw\" data-lazy=\"1\">\n        <div class=\"image-wrap tf_rel tf_mw\">\n            <img loading=\"lazy\" decoding=\"async\" width=\"800\" height=\"600\" src=\"https:\/\/www.hildesheimer-haus.de\/home\/wp-content\/uploads\/2022\/11\/PREISE-eetkamer-appartement.jpg\" class=\"wp-post-image wp-image-227\" title=\"PREISE-eetkamer-appartement\" alt=\"PREISE-eetkamer-appartement\" srcset=\"https:\/\/www.hildesheimer-haus.de\/home\/wp-content\/uploads\/2022\/11\/PREISE-eetkamer-appartement.jpg 800w, https:\/\/www.hildesheimer-haus.de\/home\/wp-content\/uploads\/2022\/11\/PREISE-eetkamer-appartement-300x225.jpg 300w, https:\/\/www.hildesheimer-haus.de\/home\/wp-content\/uploads\/2022\/11\/PREISE-eetkamer-appartement-768x576.jpg 768w\" sizes=\"auto, (max-width: 800px) 100vw, 800px\" \/>    \n        <\/div>\n    <!-- \/image-wrap -->\n    \n        <\/div>\n<!-- \/module image -->        <\/div>\n                        <\/div>\n        <\/div>\n                        <div  data-lazy=\"1\" class=\"module_row themify_builder_row tb_x4tu361 tf_w\">\n                        <div class=\"row_inner col_align_top tb_col_count_2 tf_box tf_rel\">\n                        <div  data-lazy=\"1\" class=\"module_column tb-column col4-2 tb_r5qz361 first\">\n                    <!-- module text -->\n<div  class=\"module module-text tb_pj1q20   \" data-lazy=\"1\">\n        <div  class=\"tb_text_wrap\">\n        <h2 style=\"text-align: left;\"><span style=\"font-size: 18pt;\"><strong>Allgemeine Informationen<\/strong><\/span><\/h2>\n<p><span style=\"font-size: 14pt;\"><b>Zimmerausstattung<\/b><\/span><\/p>\n<ul>\n<li><span style=\"font-size: 14pt;\">Wireless LAN<\/span><\/li>\n<li><span style=\"font-size: 14pt;\">Fernseher<\/span><\/li>\n<li><span style=\"font-size: 14pt;\">Badezimmer mit Haartrockner und Dusche\/WC<\/span><\/li>\n<\/ul>\n<hr>\n<p><span style=\"font-size: 14pt;\">Fr\u00fchst\u00fcck nach Absprache<\/span><\/p>\n<hr>\n<p>\u00a0<\/p>\n<p><span style=\"font-size: 18pt;\"><strong>Hunden ist das Wohnen und Mitfeiern im Hildesheimer Haus leider nicht gestattet.<\/strong><\/span><\/p>    <\/div>\n<\/div>\n<!-- \/module text --><!-- module image -->\n<div  class=\"module module-image tb_xbua10 image-top rounded drop-shadow  tf_mw\" data-lazy=\"1\">\n        <div class=\"image-wrap tf_rel tf_mw\">\n            <img loading=\"lazy\" decoding=\"async\" width=\"1170\" height=\"1170\" src=\"https:\/\/www.hildesheimer-haus.de\/home\/wp-content\/uploads\/2024\/02\/image00010.jpeg\" class=\"wp-post-image wp-image-824\" title=\"Feiern * Tagen und \u00fcbernachten im Hildesheimer Haus Buntenbock Harz\" alt=\"Feiern * Tagen und \u00fcbernachten im Hildesheimer Haus Buntenbock Harz\" srcset=\"https:\/\/www.hildesheimer-haus.de\/home\/wp-content\/uploads\/2024\/02\/image00010.jpeg 1170w, https:\/\/www.hildesheimer-haus.de\/home\/wp-content\/uploads\/2024\/02\/image00010-300x300.jpeg 300w, https:\/\/www.hildesheimer-haus.de\/home\/wp-content\/uploads\/2024\/02\/image00010-1024x1024.jpeg 1024w, https:\/\/www.hildesheimer-haus.de\/home\/wp-content\/uploads\/2024\/02\/image00010-150x150.jpeg 150w, https:\/\/www.hildesheimer-haus.de\/home\/wp-content\/uploads\/2024\/02\/image00010-768x768.jpeg 768w, https:\/\/www.hildesheimer-haus.de\/home\/wp-content\/uploads\/2024\/02\/image00010-1024x1024-250x250.jpeg 250w, https:\/\/www.hildesheimer-haus.de\/home\/wp-content\/uploads\/2024\/02\/image00010-1024x1024-350x350.jpeg 350w\" sizes=\"auto, (max-width: 1170px) 100vw, 1170px\" \/>    \n        <\/div>\n    <!-- \/image-wrap -->\n    \n        <\/div>\n<!-- \/module image -->        <\/div>\n                    <div  data-lazy=\"1\" class=\"module_column tb-column col4-2 tb_ud0i361 last\">\n                    <!-- module text -->\n<div  class=\"module module-text tb_kk93407   \" data-lazy=\"1\">\n        <div  class=\"tb_text_wrap\">\n        <h2><span style=\"font-size: 18pt;\"><strong>Zu den Kosten<\/strong><\/span><\/h2>\n<p><b style=\"font-size: 14pt;\">Die Vermietung des ganzen Hauses<\/b><\/p>\n<p><span style=\"font-size: 14pt;\">F\u00fcr die Vermietung des ganzes Hauses erstellen wir Ihnen bei Interesse ein passendes <a href=\"https:\/\/www.hildesheimer-haus.de\/home\/anfrage\/\" target=\"_blank\" rel=\"noopener\">Angebot<\/a>, das die zu erwartende G\u00e4stezahl und Ihre W\u00fcnsche ber\u00fccksichtigt. Das Feiern ist in unserem Saal mit bis zu 120 G\u00e4sten m\u00f6glich.<\/span><\/p>\n<p><span style=\"font-size: 14pt;\">Der Preis f\u00fcr das Feiern an einem Wochenende im Hildesheimer Haus ergibt sich aus der Miete des Saales und allen Schlafm\u00f6glichkeiten, wenn gew\u00fcnscht Fr\u00fchst\u00fcck und einer Getr\u00e4nkepauschale. Gern erz\u00e4hlen wir Ihnen im pers\u00f6nlichen Gespr\u00e4ch mehr dar\u00fcber.<\/span><\/p>\n<p><span style=\"font-size: 14pt;\">\u00a0<\/span><\/p>\n<p><strong style=\"font-size: 18.6667px; text-align: center;\">Au\u00dferhalb der Saison ist die Miete des Festsaales auch ohne Zimmerbuchung m\u00f6glich!<\/strong><span style=\"font-size: 14pt;\"><br><\/span><\/p>\n<p><span style=\"font-size: 14pt;\">\u00a0<\/span><\/p>\n<p><span style=\"font-size: 14pt;\">Sollten unsere Schlafm\u00f6glichkeiten f\u00fcr Ihre Gesellschaft nicht ausreichen, empfehlen wir Ihnen gerne naheliegende, zus\u00e4tzliche Unterk\u00fcnfte.<\/span><\/p>\n<p><strong style=\"font-size: 14pt; text-align: center;\">\u00a0<\/strong><\/p>\n<p><span style=\"font-size: 18pt;\"><strong>Parken<\/strong><\/span><\/p>\n<p><span style=\"font-size: 14pt;\">Vor dem Haus befindet sich ein gro\u00dfer Parkplatz, auf dem G\u00e4ste unseres Hause kostenfrei parken. Auch Camper und Wohnmobile k\u00f6nnen hier problemlos stehen.<\/span><\/p>\n<p><span style=\"font-size: 14pt;\">\u00a0<\/span><\/p>\n<p><a href=\"https:\/\/www.hildesheimer-haus.de\/home\/kontakt-2\/\" target=\"_blank\" rel=\"noopener\"><span style=\"font-size: 18pt;\">Gern beantworten wir\u00a0Ihren Fragen!<\/span><\/a><\/p>    <\/div>\n<\/div>\n<!-- \/module text -->        <\/div>\n                        <\/div>\n        <\/div>\n                        <div  data-lazy=\"1\" class=\"module_row themify_builder_row tb_nzfx614 tf_w\">\n                        <div class=\"row_inner col_align_top tb_col_count_2 tf_box tf_rel\">\n                        <div  data-lazy=\"1\" class=\"module_column tb-column col4-2 tb_pmgm517 first\">\n                            <\/div>\n                    <div  data-lazy=\"1\" class=\"module_column tb-column col4-2 tb_woy3614 last\">\n                            <\/div>\n                        <\/div>\n        <\/div>\n                        <div  data-lazy=\"1\" class=\"module_row themify_builder_row tb_ruq7516 tf_w\">\n                        <div class=\"row_inner col_align_top tb_col_count_1 tf_box tf_rel\">\n                        <div  data-lazy=\"1\" class=\"module_column tb-column col-full tb_deps640 first\">\n                    <!-- module text -->\n<div  class=\"module module-text tb_0935577   \" data-lazy=\"1\">\n        <div  class=\"tb_text_wrap\">\n        <p style=\"text-align: center;\"><span style=\"font-size: 18pt; color: #ee2312;\"><strong>*** Bitte beachten Sie, dass wir uns im M\u00e4rz 2026 in Betriebsruhe befinden ***<\/strong><\/span><\/p>\n<p style=\"text-align: center;\"><strong>Das Beantworten von Nachrichten und Anfragen kann u.U. verz\u00f6gert erfolgen.<\/strong><\/p>    <\/div>\n<\/div>\n<!-- \/module text -->        <\/div>\n                        <\/div>\n        <\/div>\n        <\/div>\n<!--\/themify_builder_content-->","protected":false},"excerpt":{"rendered":"<p>Unsere Event-Location mieten Das Hildesheimer Haus ist eine Event-Location, in der das ganze Jahr hindurch gefeiert und \u00fcbernachtet wird.\u00a0Wer das Haus f\u00fcr seine Veranstaltung \u00fcber ein Wochenende mietet, verf\u00fcgt \u00fcber Schlafm\u00f6glichkeiten f\u00fcr 40 Personen, die \u00fcber f\u00fcnf Appartements, f\u00fcnf Doppelzimmer und die Hochzeitssuite verteilt sind. Wir sind uns sicher, dass es f\u00fcr jeden Ihrer G\u00e4ste [&hellip;]<\/p>\n","protected":false},"author":1,"featured_media":0,"parent":0,"menu_order":0,"comment_status":"closed","ping_status":"closed","template":"","meta":{"footnotes":""},"class_list":["post-217","page","type-page","status-publish","hentry","has-post-title","has-post-date","has-post-category","has-post-tag","has-post-comment","has-post-author",""],"_links":{"self":[{"href":"https:\/\/www.hildesheimer-haus.de\/home\/wp-json\/wp\/v2\/pages\/217","targetHints":{"allow":["GET"]}}],"collection":[{"href":"https:\/\/www.hildesheimer-haus.de\/home\/wp-json\/wp\/v2\/pages"}],"about":[{"href":"https:\/\/www.hildesheimer-haus.de\/home\/wp-json\/wp\/v2\/types\/page"}],"author":[{"embeddable":true,"href":"https:\/\/www.hildesheimer-haus.de\/home\/wp-json\/wp\/v2\/users\/1"}],"replies":[{"embeddable":true,"href":"https:\/\/www.hildesheimer-haus.de\/home\/wp-json\/wp\/v2\/comments?post=217"}],"version-history":[{"count":27,"href":"https:\/\/www.hildesheimer-haus.de\/home\/wp-json\/wp\/v2\/pages\/217\/revisions"}],"predecessor-version":[{"id":1317,"href":"https:\/\/www.hildesheimer-haus.de\/home\/wp-json\/wp\/v2\/pages\/217\/revisions\/1317"}],"wp:attachment":[{"href":"https:\/\/www.hildesheimer-haus.de\/home\/wp-json\/wp\/v2\/media?parent=217"}],"curies":[{"name":"wp","href":"https:\/\/api.w.org\/{rel}","templated":true}]}}