{"id":669,"date":"2024-02-15T12:55:07","date_gmt":"2024-02-15T11:55:07","guid":{"rendered":"https:\/\/www.hildesheimer-haus.de\/home\/?page_id=669"},"modified":"2024-11-05T22:11:25","modified_gmt":"2024-11-05T21:11:25","slug":"galerie","status":"publish","type":"page","link":"https:\/\/www.hildesheimer-haus.de\/home\/galerie\/","title":{"rendered":"Galerie"},"content":{"rendered":"<!--themify_builder_content-->\n<div id=\"themify_builder_content-669\" data-postid=\"669\" class=\"themify_builder_content themify_builder_content-669 themify_builder tf_clear\">\n                    <div  data-lazy=\"1\" class=\"module_row themify_builder_row tb_0xd7491 tb_first tf_w\">\n                        <div class=\"row_inner col_align_top tb_col_count_1 tf_box tf_rel\">\n                        <div  data-lazy=\"1\" class=\"module_column tb-column col-full tb_8w0q491 first\">\n                            <div  data-lazy=\"1\" class=\"module_subrow themify_builder_sub_row tf_w col_align_top tb_col_count_1 tb_oeqv289\">\n                <div  data-lazy=\"1\" class=\"module_column sub_column col-full tb_ui7b289 first\">\n                    <!-- module text -->\n<div  class=\"module module-text tb_5uij515   \" data-lazy=\"1\">\n        <div  class=\"tb_text_wrap\">\n        <h2><span style=\"font-size: 18pt;\">Fotogalerie<\/span><\/h2>\n<p><span style=\"font-size: 14pt;\">An dieser Stelle d\u00fcrfen wir Ihnen einen kleinen Eindruck vom Hildesheimer Haus vermitteln und haben mit Unterst\u00fctzung unserer lieben G\u00e4ste und einiger toller Fotografen eine kleine Galerie zusammengestellt.\u00a0<\/span><\/p>\n<p><span style=\"font-size: 14pt;\">In den Alben finden Sie Eindr\u00fccke von Haus &amp; Garten, den Zimmern &amp; Appartements und wundersch\u00f6ne Momentaufnahmen &#8222;echter&#8220; gefeierter Hochzeitstage.\u00a0<\/span><\/p>\n<p><span style=\"font-size: 18pt;\">Wir danken unseren Brautpaaren von Herzen f\u00fcr Ihr Vertrauen und das \u00dcberlassen der Bilder!\u00a0<\/span><\/p>\n<p><span style=\"font-size: 12pt;\">Mit besten Empfehlungen unsererseits:::<\/span><\/p>\n<p><span style=\"font-size: 12pt;\">In den Alben sehen Sie Fotos von <a href=\"https:\/\/www.daniel-li-photography.de\/\" target=\"_blank\" rel=\"noopener\">Daniel Li<\/a>, <a href=\"https:\/\/benkruse.net\/\" target=\"_blank\" rel=\"noopener\">Ben Kruse<\/a>, <a href=\"https:\/\/www.sarahfotografiert.de\/\" target=\"_blank\" rel=\"noopener\">Sarah Kreiner * sarah fotografiert<\/a>,\u00a0<a href=\"https:\/\/michaelkrugphotography.com\/\" target=\"_blank\" rel=\"noopener\">Michael Krug, <\/a><a href=\"https:\/\/woodinheart.de\/\" target=\"_blank\" rel=\"noopener\">Woodinheart<\/a>, <a href=\"https:\/\/soulexpression.de\/\" target=\"_blank\" rel=\"noopener\">Soulexpressions<\/a> und <a href=\"https:\/\/www.byinka.de\/\" target=\"_blank\" rel=\"noopener\">Inka B\u00e4thge<\/a><a href=\"https:\/\/www.byinka.de\/\" target=\"_blank\" rel=\"noopener\">.<\/a><\/span><\/p>    <\/div>\n<\/div>\n<!-- \/module text -->        <\/div>\n                    <\/div>\n                <\/div>\n                        <\/div>\n        <\/div>\n                        <div  data-lazy=\"1\" class=\"module_row themify_builder_row tb_ifm4320 tf_w\">\n                        <div class=\"row_inner col_align_top tb_col_count_3 tf_box tf_rel\">\n                        <div  data-lazy=\"1\" class=\"module_column tb-column col3-1 tb_y5bf320 first\">\n                    <!-- module image -->\n<div  class=\"module module-image tb_10bd544 image-center rounded drop-shadow circle  tf_mw\" data-lazy=\"1\">\n        <div class=\"image-wrap tf_rel tf_mw\">\n            <a href=\"https:\/\/www.hildesheimer-haus.de\/home\/hildesheimer_haus\/haus-garten\/\">\n                   <img loading=\"lazy\" decoding=\"async\" src=\"https:\/\/www.hildesheimer-haus.de\/home\/wp-content\/uploads\/2024\/02\/Hildesheimer_Haus_Buntenbock_Harz_Foto_Ben-Kruse-1024x683-250x250.jpg\" width=\"250\" height=\"250\" class=\"wp-post-image wp-image-500\" title=\"Haus &amp; Garten\" alt=\"Haus &amp; Garten\" srcset=\"https:\/\/www.hildesheimer-haus.de\/home\/wp-content\/uploads\/2024\/02\/Hildesheimer_Haus_Buntenbock_Harz_Foto_Ben-Kruse-1024x683-250x250.jpg 250w, https:\/\/www.hildesheimer-haus.de\/home\/wp-content\/uploads\/2024\/02\/Hildesheimer_Haus_Buntenbock_Harz_Foto_Ben-Kruse-150x150.jpg 150w\" sizes=\"auto, (max-width: 250px) 100vw, 250px\" \/>        <\/a>\n    \n        <\/div>\n    <!-- \/image-wrap -->\n    \n        <div class=\"image-content\">\n                    <h3 class=\"image-title\">\n                                    <a href=\"https:\/\/www.hildesheimer-haus.de\/home\/hildesheimer_haus\/haus-garten\/\">\n                        Haus & Garten                    <\/a>\n                            <\/h3>\n                    <\/div>\n    <!-- \/image-content -->\n        <\/div>\n<!-- \/module image -->        <\/div>\n                    <div  data-lazy=\"1\" class=\"module_column tb-column col3-1 tb_cqqg320\">\n                    <!-- module image -->\n<div  class=\"module module-image tb_a80h650 image-center rounded drop-shadow circle  tf_mw\" data-lazy=\"1\">\n        <div class=\"image-wrap tf_rel tf_mw\">\n            <a href=\"https:\/\/www.hildesheimer-haus.de\/home\/hildesheimer_haus\/zimmer-und-appartements\/\">\n                   <img loading=\"lazy\" decoding=\"async\" src=\"https:\/\/www.hildesheimer-haus.de\/home\/wp-content\/uploads\/2024\/02\/image00010-1024x1024-250x250.jpeg\" width=\"250\" height=\"250\" class=\"wp-post-image wp-image-824\" title=\"Zimmer &amp; Appartements\" alt=\"Zimmer &amp; Appartements\" srcset=\"https:\/\/www.hildesheimer-haus.de\/home\/wp-content\/uploads\/2024\/02\/image00010-1024x1024-250x250.jpeg 250w, https:\/\/www.hildesheimer-haus.de\/home\/wp-content\/uploads\/2024\/02\/image00010-300x300.jpeg 300w, https:\/\/www.hildesheimer-haus.de\/home\/wp-content\/uploads\/2024\/02\/image00010-1024x1024.jpeg 1024w, https:\/\/www.hildesheimer-haus.de\/home\/wp-content\/uploads\/2024\/02\/image00010-150x150.jpeg 150w, https:\/\/www.hildesheimer-haus.de\/home\/wp-content\/uploads\/2024\/02\/image00010-768x768.jpeg 768w, https:\/\/www.hildesheimer-haus.de\/home\/wp-content\/uploads\/2024\/02\/image00010-1024x1024-350x350.jpeg 350w, https:\/\/www.hildesheimer-haus.de\/home\/wp-content\/uploads\/2024\/02\/image00010.jpeg 1170w\" sizes=\"auto, (max-width: 250px) 100vw, 250px\" \/>        <\/a>\n    \n        <\/div>\n    <!-- \/image-wrap -->\n    \n        <div class=\"image-content\">\n                    <h3 class=\"image-title\">\n                                    <a href=\"https:\/\/www.hildesheimer-haus.de\/home\/hildesheimer_haus\/zimmer-und-appartements\/\">\n                        Zimmer & Appartements                    <\/a>\n                            <\/h3>\n                    <\/div>\n    <!-- \/image-content -->\n        <\/div>\n<!-- \/module image -->        <\/div>\n                    <div  data-lazy=\"1\" class=\"module_column tb-column col3-1 tb_342n320 last\">\n                            <\/div>\n                        <\/div>\n        <\/div>\n                        <div  data-lazy=\"1\" class=\"module_row themify_builder_row tb_4sen385 tf_w\">\n                        <div class=\"row_inner col_align_top tb_col_count_3 tf_box tf_rel\">\n                        <div  data-lazy=\"1\" class=\"module_column tb-column col3-1 tb_1i77385 first\">\n                            <\/div>\n                    <div  data-lazy=\"1\" class=\"module_column tb-column col3-1 tb_j8sf385\">\n                    <!-- module image -->\n<div  class=\"module module-image tb_a4hl385 image-center rounded drop-shadow circle  tf_mw\" data-lazy=\"1\">\n        <div class=\"image-wrap tf_rel tf_mw\">\n            <a href=\"https:\/\/www.hildesheimer-haus.de\/home\/hildesheimer_haus\/hochzeitstag\/\">\n                   <img loading=\"lazy\" decoding=\"async\" src=\"https:\/\/www.hildesheimer-haus.de\/home\/wp-content\/uploads\/2024\/02\/hochzeit_hildesheimer-haus_harz_foto_soulexpression_14-1024x683-250x250.jpg\" width=\"250\" height=\"250\" class=\"wp-post-image wp-image-649\" title=\"Hochzeitstage\" alt=\"Hochzeitstage\" srcset=\"https:\/\/www.hildesheimer-haus.de\/home\/wp-content\/uploads\/2024\/02\/hochzeit_hildesheimer-haus_harz_foto_soulexpression_14-1024x683-250x250.jpg 250w, https:\/\/www.hildesheimer-haus.de\/home\/wp-content\/uploads\/2024\/02\/hochzeit_hildesheimer-haus_harz_foto_soulexpression_14-150x150.jpg 150w\" sizes=\"auto, (max-width: 250px) 100vw, 250px\" \/>        <\/a>\n    \n        <\/div>\n    <!-- \/image-wrap -->\n    \n        <div class=\"image-content\">\n                    <h3 class=\"image-title\">\n                                    <a href=\"https:\/\/www.hildesheimer-haus.de\/home\/hildesheimer_haus\/hochzeitstag\/\">\n                        Hochzeitstage                    <\/a>\n                            <\/h3>\n                    <\/div>\n    <!-- \/image-content -->\n        <\/div>\n<!-- \/module image -->        <\/div>\n                    <div  data-lazy=\"1\" class=\"module_column tb-column col3-1 tb_gapg385 last\">\n                    <!-- module image -->\n<div  class=\"module module-image tb_9h2a385 image-center rounded drop-shadow circle  tf_mw\" data-lazy=\"1\">\n        <div class=\"image-wrap tf_rel tf_mw\">\n            <a href=\"https:\/\/www.hildesheimer-haus.de\/home\/galerie\/popup-wedding_hochzeitsmesse_2024\/\">\n                   <img loading=\"lazy\" decoding=\"async\" src=\"https:\/\/www.hildesheimer-haus.de\/home\/wp-content\/uploads\/2024\/03\/1-PopUpWedding_harz_elke-rott_freie-trauung_foto_daniel-li_006-1024x683-250x250.jpg\" width=\"250\" height=\"250\" class=\"wp-post-image wp-image-995\" title=\"PopUp Wedding 2024\" alt=\"PopUp Wedding 2024\" srcset=\"https:\/\/www.hildesheimer-haus.de\/home\/wp-content\/uploads\/2024\/03\/1-PopUpWedding_harz_elke-rott_freie-trauung_foto_daniel-li_006-1024x683-250x250.jpg 250w, https:\/\/www.hildesheimer-haus.de\/home\/wp-content\/uploads\/2024\/03\/1-PopUpWedding_harz_elke-rott_freie-trauung_foto_daniel-li_006-150x150.jpg 150w\" sizes=\"auto, (max-width: 250px) 100vw, 250px\" \/>        <\/a>\n    \n        <\/div>\n    <!-- \/image-wrap -->\n    \n        <div class=\"image-content\">\n                    <h3 class=\"image-title\">\n                                    <a href=\"https:\/\/www.hildesheimer-haus.de\/home\/galerie\/popup-wedding_hochzeitsmesse_2024\/\">\n                        PopUp Wedding 2024                    <\/a>\n                            <\/h3>\n                    <\/div>\n    <!-- \/image-content -->\n        <\/div>\n<!-- \/module image -->        <\/div>\n                        <\/div>\n        <\/div>\n        <\/div>\n<!--\/themify_builder_content-->","protected":false},"excerpt":{"rendered":"<p>Fotogalerie An dieser Stelle d\u00fcrfen wir Ihnen einen kleinen Eindruck vom Hildesheimer Haus vermitteln und haben mit Unterst\u00fctzung unserer lieben G\u00e4ste und einiger toller Fotografen eine kleine Galerie zusammengestellt. In den Alben finden Sie Eindr\u00fccke von Haus &amp; Garten, den Zimmern &amp; Appartements und wundersch\u00f6ne Momentaufnahmen &#8222;echter&#8220; gefeierter Hochzeitstage. Wir danken unseren Brautpaaren von Herzen [&hellip;]<\/p>\n","protected":false},"author":1,"featured_media":0,"parent":0,"menu_order":0,"comment_status":"closed","ping_status":"closed","template":"","meta":{"footnotes":""},"class_list":["post-669","page","type-page","status-publish","hentry","has-post-title","has-post-date","has-post-category","has-post-tag","has-post-comment","has-post-author",""],"_links":{"self":[{"href":"https:\/\/www.hildesheimer-haus.de\/home\/wp-json\/wp\/v2\/pages\/669","targetHints":{"allow":["GET"]}}],"collection":[{"href":"https:\/\/www.hildesheimer-haus.de\/home\/wp-json\/wp\/v2\/pages"}],"about":[{"href":"https:\/\/www.hildesheimer-haus.de\/home\/wp-json\/wp\/v2\/types\/page"}],"author":[{"embeddable":true,"href":"https:\/\/www.hildesheimer-haus.de\/home\/wp-json\/wp\/v2\/users\/1"}],"replies":[{"embeddable":true,"href":"https:\/\/www.hildesheimer-haus.de\/home\/wp-json\/wp\/v2\/comments?post=669"}],"version-history":[{"count":10,"href":"https:\/\/www.hildesheimer-haus.de\/home\/wp-json\/wp\/v2\/pages\/669\/revisions"}],"predecessor-version":[{"id":1232,"href":"https:\/\/www.hildesheimer-haus.de\/home\/wp-json\/wp\/v2\/pages\/669\/revisions\/1232"}],"wp:attachment":[{"href":"https:\/\/www.hildesheimer-haus.de\/home\/wp-json\/wp\/v2\/media?parent=669"}],"curies":[{"name":"wp","href":"https:\/\/api.w.org\/{rel}","templated":true}]}}